{"id":15931,"date":"2020-08-03T13:17:36","date_gmt":"2020-08-03T13:17:36","guid":{"rendered":"https:\/\/parlo-italiano.com\/nezarazene\/italstina-v-muzikalu-b1\/"},"modified":"2022-04-04T19:00:17","modified_gmt":"2022-04-04T17:00:17","slug":"italstina-v-muzikalu-b1","status":"publish","type":"product","link":"https:\/\/parlo-italiano.cz\/cs\/kategorie-specialni-kurzy\/italstina-v-muzikalu-b1\/","title":{"rendered":"Divadeln\u00ed d\u00edlna B1+"},"content":{"rendered":"<p>Tento kurz je ur\u010den v\u0161em, kte\u0159\u00ed se cht\u011bj\u00ed zapojit do vytv\u00e1\u0159en\u00ed p\u0159edstaven\u00ed v ital\u0161tin\u011b. <span class=\"d2edcug0 hpfvmrgz qv66sw1b c1et5uql rrkovp55 a8c37x1j keod5gw0 nxhoafnm aigsh9s9 d3f4x2em fe6kdd0r mau55g9w c8b282yb iv3no6db jq4qci2q a3bd9o3v knj5qynh oo9gr5id hzawbc8m\" dir=\"auto\">Kurz trv\u00e1 14 t\u00fddn\u016f a celkov\u011b 28 hodin. Pracuje se s hlasem, t\u011blem, jevi\u0161tn\u00edm pohybem a vn\u00edm\u00e1n\u00edm prostoru, ale tak\u00e9 &#8211; samoz\u0159ejm\u011b, s improvizac\u00ed a divadeln\u00edm textem. <\/span>Zp\u016fsob, jak se u\u010dit z\u00e1bavn\u011b.<\/p>\n","protected":false},"excerpt":{"rendered":"<p>Tento kurz je ur\u010den v\u0161em, kte\u0159\u00ed se cht\u011bj\u00ed zapojit do vytv\u00e1\u0159en\u00ed p\u0159edstaven\u00ed v ital\u0161tin\u011b. Kurz trv\u00e1 14 t\u00fddn\u016f a celkov\u011b 28 hodin. Pracuje se s hlasem, t\u011blem, jevi\u0161tn\u00edm pohybem a vn\u00edm\u00e1n\u00edm prostoru, ale tak\u00e9 &#8211; samoz\u0159ejm\u011b, s improvizac\u00ed a divadeln\u00edm textem. Zp\u016fsob, jak se u\u010dit z\u00e1bavn\u011b.<\/p>\n","protected":false},"featured_media":15659,"template":"","meta":[],"product_brand":[],"product_cat":[205],"product_tag":[203],"class_list":{"0":"post-15931","1":"product","2":"type-product","3":"status-publish","4":"has-post-thumbnail","6":"product_cat-kategorie-specialni-kurzy","7":"product_tag-italstina-v-muzikalu-b1","9":"first","10":"outofstock","11":"virtual","12":"sold-individually","13":"purchasable","14":"product-type-simple"},"yoast_head":"<!-- This site is optimized with the Yoast SEO plugin v27.4 - https:\/\/yoast.com\/product\/yoast-seo-wordpress\/ -->\n<title>Divadeln\u00ed d\u00edlna B1+ - Parlo Italiano<\/title>\n<meta name=\"robots\" content=\"index, follow, max-snippet:-1, max-image-preview:large, max-video-preview:-1\" \/>\n<link rel=\"canonical\" href=\"https:\/\/parlo-italiano.cz\/cs\/kategorie-specialni-kurzy\/italstina-v-muzikalu-b1\/\" \/>\n<meta property=\"og:locale\" content=\"cs_CZ\" \/>\n<meta property=\"og:type\" content=\"article\" \/>\n<meta property=\"og:title\" content=\"Divadeln\u00ed d\u00edlna B1+ - Parlo Italiano\" \/>\n<meta property=\"og:description\" content=\"Tento kurz je ur\u010den v\u0161em, kte\u0159\u00ed se cht\u011bj\u00ed zapojit do vytv\u00e1\u0159en\u00ed p\u0159edstaven\u00ed v ital\u0161tin\u011b. Kurz trv\u00e1 14 t\u00fddn\u016f a celkov\u011b 28 hodin. Pracuje se s hlasem, t\u011blem, jevi\u0161tn\u00edm pohybem a vn\u00edm\u00e1n\u00edm prostoru, ale tak\u00e9 &#8211; samoz\u0159ejm\u011b, s improvizac\u00ed a divadeln\u00edm textem. Zp\u016fsob, jak se u\u010dit z\u00e1bavn\u011b.\" \/>\n<meta property=\"og:url\" content=\"https:\/\/parlo-italiano.cz\/cs\/kategorie-specialni-kurzy\/italstina-v-muzikalu-b1\/\" \/>\n<meta property=\"og:site_name\" content=\"Parlo Italiano\" \/>\n<meta property=\"article:modified_time\" content=\"2022-04-04T17:00:17+00:00\" \/>\n<meta property=\"og:image\" content=\"https:\/\/parlo-italiano.cz\/wp-content\/uploads\/2020\/08\/sbandieratori_istituto.jpg\" \/>\n\t<meta property=\"og:image:width\" content=\"1600\" \/>\n\t<meta property=\"og:image:height\" content=\"1200\" \/>\n\t<meta property=\"og:image:type\" content=\"image\/jpeg\" \/>\n<meta name=\"twitter:card\" content=\"summary_large_image\" \/>\n<script type=\"application\/ld+json\" class=\"yoast-schema-graph\">{\"@context\":\"https:\\\/\\\/schema.org\",\"@graph\":[{\"@type\":\"WebPage\",\"@id\":\"https:\\\/\\\/parlo-italiano.cz\\\/cs\\\/kategorie-specialni-kurzy\\\/italstina-v-muzikalu-b1\\\/\",\"url\":\"https:\\\/\\\/parlo-italiano.cz\\\/cs\\\/kategorie-specialni-kurzy\\\/italstina-v-muzikalu-b1\\\/\",\"name\":\"Divadeln\u00ed d\u00edlna B1+ - Parlo Italiano\",\"isPartOf\":{\"@id\":\"https:\\\/\\\/parlo-italiano.cz\\\/#website\"},\"primaryImageOfPage\":{\"@id\":\"https:\\\/\\\/parlo-italiano.cz\\\/cs\\\/kategorie-specialni-kurzy\\\/italstina-v-muzikalu-b1\\\/#primaryimage\"},\"image\":{\"@id\":\"https:\\\/\\\/parlo-italiano.cz\\\/cs\\\/kategorie-specialni-kurzy\\\/italstina-v-muzikalu-b1\\\/#primaryimage\"},\"thumbnailUrl\":\"https:\\\/\\\/parlo-italiano.cz\\\/wp-content\\\/uploads\\\/2020\\\/08\\\/sbandieratori_istituto.jpg\",\"datePublished\":\"2020-08-03T13:17:36+00:00\",\"dateModified\":\"2022-04-04T17:00:17+00:00\",\"breadcrumb\":{\"@id\":\"https:\\\/\\\/parlo-italiano.cz\\\/cs\\\/kategorie-specialni-kurzy\\\/italstina-v-muzikalu-b1\\\/#breadcrumb\"},\"inLanguage\":\"cs\",\"potentialAction\":[{\"@type\":\"ReadAction\",\"target\":[\"https:\\\/\\\/parlo-italiano.cz\\\/cs\\\/kategorie-specialni-kurzy\\\/italstina-v-muzikalu-b1\\\/\"]}]},{\"@type\":\"ImageObject\",\"inLanguage\":\"cs\",\"@id\":\"https:\\\/\\\/parlo-italiano.cz\\\/cs\\\/kategorie-specialni-kurzy\\\/italstina-v-muzikalu-b1\\\/#primaryimage\",\"url\":\"https:\\\/\\\/parlo-italiano.cz\\\/wp-content\\\/uploads\\\/2020\\\/08\\\/sbandieratori_istituto.jpg\",\"contentUrl\":\"https:\\\/\\\/parlo-italiano.cz\\\/wp-content\\\/uploads\\\/2020\\\/08\\\/sbandieratori_istituto.jpg\",\"width\":1600,\"height\":1200},{\"@type\":\"BreadcrumbList\",\"@id\":\"https:\\\/\\\/parlo-italiano.cz\\\/cs\\\/kategorie-specialni-kurzy\\\/italstina-v-muzikalu-b1\\\/#breadcrumb\",\"itemListElement\":[{\"@type\":\"ListItem\",\"position\":1,\"name\":\"Home\",\"item\":\"https:\\\/\\\/parlo-italiano.cz\\\/cs\\\/\"},{\"@type\":\"ListItem\",\"position\":2,\"name\":\"Kurzy\",\"item\":\"https:\\\/\\\/parlo-italiano.cz\\\/cs\\\/kurzy\\\/\"},{\"@type\":\"ListItem\",\"position\":3,\"name\":\"Divadeln\u00ed d\u00edlna B1+\"}]},{\"@type\":\"WebSite\",\"@id\":\"https:\\\/\\\/parlo-italiano.cz\\\/#website\",\"url\":\"https:\\\/\\\/parlo-italiano.cz\\\/\",\"name\":\"Parlo Italiano\",\"description\":\"Corsi di lingua italiana\",\"publisher\":{\"@id\":\"https:\\\/\\\/parlo-italiano.cz\\\/#organization\"},\"potentialAction\":[{\"@type\":\"SearchAction\",\"target\":{\"@type\":\"EntryPoint\",\"urlTemplate\":\"https:\\\/\\\/parlo-italiano.cz\\\/?s={search_term_string}\"},\"query-input\":{\"@type\":\"PropertyValueSpecification\",\"valueRequired\":true,\"valueName\":\"search_term_string\"}}],\"inLanguage\":\"cs\"},{\"@type\":\"Organization\",\"@id\":\"https:\\\/\\\/parlo-italiano.cz\\\/#organization\",\"name\":\"Istituto Italiano di Cultura Praga\",\"url\":\"https:\\\/\\\/parlo-italiano.cz\\\/\",\"logo\":{\"@type\":\"ImageObject\",\"inLanguage\":\"cs\",\"@id\":\"https:\\\/\\\/parlo-italiano.cz\\\/#\\\/schema\\\/logo\\\/image\\\/\",\"url\":\"https:\\\/\\\/parlo-italiano.cz\\\/wp-content\\\/uploads\\\/2020\\\/03\\\/logo_iic.png\",\"contentUrl\":\"https:\\\/\\\/parlo-italiano.cz\\\/wp-content\\\/uploads\\\/2020\\\/03\\\/logo_iic.png\",\"width\":230,\"height\":130,\"caption\":\"Istituto Italiano di Cultura Praga\"},\"image\":{\"@id\":\"https:\\\/\\\/parlo-italiano.cz\\\/#\\\/schema\\\/logo\\\/image\\\/\"}}]}<\/script>\n<!-- \/ Yoast SEO plugin. -->","yoast_head_json":{"title":"Divadeln\u00ed d\u00edlna B1+ - Parlo Italiano","robots":{"index":"index","follow":"follow","max-snippet":"max-snippet:-1","max-image-preview":"max-image-preview:large","max-video-preview":"max-video-preview:-1"},"canonical":"https:\/\/parlo-italiano.cz\/cs\/kategorie-specialni-kurzy\/italstina-v-muzikalu-b1\/","og_locale":"cs_CZ","og_type":"article","og_title":"Divadeln\u00ed d\u00edlna B1+ - Parlo Italiano","og_description":"Tento kurz je ur\u010den v\u0161em, kte\u0159\u00ed se cht\u011bj\u00ed zapojit do vytv\u00e1\u0159en\u00ed p\u0159edstaven\u00ed v ital\u0161tin\u011b. Kurz trv\u00e1 14 t\u00fddn\u016f a celkov\u011b 28 hodin. Pracuje se s hlasem, t\u011blem, jevi\u0161tn\u00edm pohybem a vn\u00edm\u00e1n\u00edm prostoru, ale tak\u00e9 &#8211; samoz\u0159ejm\u011b, s improvizac\u00ed a divadeln\u00edm textem. Zp\u016fsob, jak se u\u010dit z\u00e1bavn\u011b.","og_url":"https:\/\/parlo-italiano.cz\/cs\/kategorie-specialni-kurzy\/italstina-v-muzikalu-b1\/","og_site_name":"Parlo Italiano","article_modified_time":"2022-04-04T17:00:17+00:00","og_image":[{"width":1600,"height":1200,"url":"https:\/\/parlo-italiano.cz\/wp-content\/uploads\/2020\/08\/sbandieratori_istituto.jpg","type":"image\/jpeg"}],"twitter_card":"summary_large_image","schema":{"@context":"https:\/\/schema.org","@graph":[{"@type":"WebPage","@id":"https:\/\/parlo-italiano.cz\/cs\/kategorie-specialni-kurzy\/italstina-v-muzikalu-b1\/","url":"https:\/\/parlo-italiano.cz\/cs\/kategorie-specialni-kurzy\/italstina-v-muzikalu-b1\/","name":"Divadeln\u00ed d\u00edlna B1+ - Parlo Italiano","isPartOf":{"@id":"https:\/\/parlo-italiano.cz\/#website"},"primaryImageOfPage":{"@id":"https:\/\/parlo-italiano.cz\/cs\/kategorie-specialni-kurzy\/italstina-v-muzikalu-b1\/#primaryimage"},"image":{"@id":"https:\/\/parlo-italiano.cz\/cs\/kategorie-specialni-kurzy\/italstina-v-muzikalu-b1\/#primaryimage"},"thumbnailUrl":"https:\/\/parlo-italiano.cz\/wp-content\/uploads\/2020\/08\/sbandieratori_istituto.jpg","datePublished":"2020-08-03T13:17:36+00:00","dateModified":"2022-04-04T17:00:17+00:00","breadcrumb":{"@id":"https:\/\/parlo-italiano.cz\/cs\/kategorie-specialni-kurzy\/italstina-v-muzikalu-b1\/#breadcrumb"},"inLanguage":"cs","potentialAction":[{"@type":"ReadAction","target":["https:\/\/parlo-italiano.cz\/cs\/kategorie-specialni-kurzy\/italstina-v-muzikalu-b1\/"]}]},{"@type":"ImageObject","inLanguage":"cs","@id":"https:\/\/parlo-italiano.cz\/cs\/kategorie-specialni-kurzy\/italstina-v-muzikalu-b1\/#primaryimage","url":"https:\/\/parlo-italiano.cz\/wp-content\/uploads\/2020\/08\/sbandieratori_istituto.jpg","contentUrl":"https:\/\/parlo-italiano.cz\/wp-content\/uploads\/2020\/08\/sbandieratori_istituto.jpg","width":1600,"height":1200},{"@type":"BreadcrumbList","@id":"https:\/\/parlo-italiano.cz\/cs\/kategorie-specialni-kurzy\/italstina-v-muzikalu-b1\/#breadcrumb","itemListElement":[{"@type":"ListItem","position":1,"name":"Home","item":"https:\/\/parlo-italiano.cz\/cs\/"},{"@type":"ListItem","position":2,"name":"Kurzy","item":"https:\/\/parlo-italiano.cz\/cs\/kurzy\/"},{"@type":"ListItem","position":3,"name":"Divadeln\u00ed d\u00edlna B1+"}]},{"@type":"WebSite","@id":"https:\/\/parlo-italiano.cz\/#website","url":"https:\/\/parlo-italiano.cz\/","name":"Parlo Italiano","description":"Corsi di lingua italiana","publisher":{"@id":"https:\/\/parlo-italiano.cz\/#organization"},"potentialAction":[{"@type":"SearchAction","target":{"@type":"EntryPoint","urlTemplate":"https:\/\/parlo-italiano.cz\/?s={search_term_string}"},"query-input":{"@type":"PropertyValueSpecification","valueRequired":true,"valueName":"search_term_string"}}],"inLanguage":"cs"},{"@type":"Organization","@id":"https:\/\/parlo-italiano.cz\/#organization","name":"Istituto Italiano di Cultura Praga","url":"https:\/\/parlo-italiano.cz\/","logo":{"@type":"ImageObject","inLanguage":"cs","@id":"https:\/\/parlo-italiano.cz\/#\/schema\/logo\/image\/","url":"https:\/\/parlo-italiano.cz\/wp-content\/uploads\/2020\/03\/logo_iic.png","contentUrl":"https:\/\/parlo-italiano.cz\/wp-content\/uploads\/2020\/03\/logo_iic.png","width":230,"height":130,"caption":"Istituto Italiano di Cultura Praga"},"image":{"@id":"https:\/\/parlo-italiano.cz\/#\/schema\/logo\/image\/"}}]}},"_links":{"self":[{"href":"https:\/\/parlo-italiano.cz\/cs\/wp-json\/wp\/v2\/product\/15931","targetHints":{"allow":["GET"]}}],"collection":[{"href":"https:\/\/parlo-italiano.cz\/cs\/wp-json\/wp\/v2\/product"}],"about":[{"href":"https:\/\/parlo-italiano.cz\/cs\/wp-json\/wp\/v2\/types\/product"}],"wp:featuredmedia":[{"embeddable":true,"href":"https:\/\/parlo-italiano.cz\/cs\/wp-json\/wp\/v2\/media\/15659"}],"wp:attachment":[{"href":"https:\/\/parlo-italiano.cz\/cs\/wp-json\/wp\/v2\/media?parent=15931"}],"wp:term":[{"taxonomy":"product_brand","embeddable":true,"href":"https:\/\/parlo-italiano.cz\/cs\/wp-json\/wp\/v2\/product_brand?post=15931"},{"taxonomy":"product_cat","embeddable":true,"href":"https:\/\/parlo-italiano.cz\/cs\/wp-json\/wp\/v2\/product_cat?post=15931"},{"taxonomy":"product_tag","embeddable":true,"href":"https:\/\/parlo-italiano.cz\/cs\/wp-json\/wp\/v2\/product_tag?post=15931"}],"curies":[{"name":"wp","href":"https:\/\/api.w.org\/{rel}","templated":true}]}}

Divadelní dílna B1+

<p>Tento kurz je určen všem, kteří se chtějí zapojit do vytváření představení v italštině. <span class="d2edcug0 hpfvmrgz qv66sw1b c1et5uql rrkovp55 a8c37x1j keod5gw0 nxhoafnm aigsh9s9 d3f4x2em fe6kdd0r mau55g9w c8b282yb iv3no6db jq4qci2q a3bd9o3v knj5qynh oo9gr5id hzawbc8m" dir="auto">Kurz trvá 14 týdnů a celkově 28 hodin. Pracuje se s hlasem, tělem, jevištním pohybem a vnímáním prostoru, ale také &#8211; samozřejmě, s improvizací a divadelním textem. </span>Způsob, jak se učit zábavně.</p>

<p>Tento kurz je určen všem, kteří se chtějí zapojit do vytváření představení v italštině. Kurz trvá 14 týdnů a celkově 28 hodin. Pracuje se s hlasem, tělem, jevištním pohybem a vnímáním prostoru, ale také &#8211; samozřejmě, s improvizací a divadelním textem. Způsob, jak se učit zábavně.</p>

<!-- This site is optimized with the Yoast SEO plugin v27.4 - https://yoast.com/product/yoast-seo-wordpress/ -->
<title>Divadelní dílna B1+ - Parlo Italiano</title>
<meta name="robots" content="index, follow, max-snippet:-1, max-image-preview:large, max-video-preview:-1" />
<link rel="canonical" href="https://parlo-italiano.cz/cs/kategorie-specialni-kurzy/italstina-v-muzikalu-b1/" />
<meta property="og:locale" content="cs_CZ" />
<meta property="og:type" content="article" />
<meta property="og:title" content="Divadelní dílna B1+ - Parlo Italiano" />
<meta property="og:description" content="Tento kurz je určen všem, kteří se chtějí zapojit do vytváření představení v italštině. Kurz trvá 14 týdnů a celkově 28 hodin. Pracuje se s hlasem, tělem, jevištním pohybem a vnímáním prostoru, ale také &#8211; samozřejmě, s improvizací a divadelním textem. Způsob, jak se učit zábavně." />
<meta property="og:url" content="https://parlo-italiano.cz/cs/kategorie-specialni-kurzy/italstina-v-muzikalu-b1/" />
<meta property="og:site_name" content="Parlo Italiano" />
<meta property="article:modified_time" content="2022-04-04T17:00:17+00:00" />
<meta property="og:image" content="https://parlo-italiano.cz/wp-content/uploads/2020/08/sbandieratori_istituto.jpg" />
	<meta property="og:image:width" content="1600" />
	<meta property="og:image:height" content="1200" />
	<meta property="og:image:type" content="image/jpeg" />
<meta name="twitter:card" content="summary_large_image" />
<script type="application/ld+json" class="yoast-schema-graph">{"@context":"https:\/\/schema.org","@graph":[{"@type":"WebPage","@id":"https:\/\/parlo-italiano.cz\/cs\/kategorie-specialni-kurzy\/italstina-v-muzikalu-b1\/","url":"https:\/\/parlo-italiano.cz\/cs\/kategorie-specialni-kurzy\/italstina-v-muzikalu-b1\/","name":"Divadelní dílna B1+ - Parlo Italiano","isPartOf":{"@id":"https:\/\/parlo-italiano.cz\/#website"},"primaryImageOfPage":{"@id":"https:\/\/parlo-italiano.cz\/cs\/kategorie-specialni-kurzy\/italstina-v-muzikalu-b1\/#primaryimage"},"image":{"@id":"https:\/\/parlo-italiano.cz\/cs\/kategorie-specialni-kurzy\/italstina-v-muzikalu-b1\/#primaryimage"},"thumbnailUrl":"https:\/\/parlo-italiano.cz\/wp-content\/uploads\/2020\/08\/sbandieratori_istituto.jpg","datePublished":"2020-08-03T13:17:36+00:00","dateModified":"2022-04-04T17:00:17+00:00","breadcrumb":{"@id":"https:\/\/parlo-italiano.cz\/cs\/kategorie-specialni-kurzy\/italstina-v-muzikalu-b1\/#breadcrumb"},"inLanguage":"cs","potentialAction":[{"@type":"ReadAction","target":["https:\/\/parlo-italiano.cz\/cs\/kategorie-specialni-kurzy\/italstina-v-muzikalu-b1\/"]}]},{"@type":"ImageObject","inLanguage":"cs","@id":"https:\/\/parlo-italiano.cz\/cs\/kategorie-specialni-kurzy\/italstina-v-muzikalu-b1\/#primaryimage","url":"https:\/\/parlo-italiano.cz\/wp-content\/uploads\/2020\/08\/sbandieratori_istituto.jpg","contentUrl":"https:\/\/parlo-italiano.cz\/wp-content\/uploads\/2020\/08\/sbandieratori_istituto.jpg","width":1600,"height":1200},{"@type":"BreadcrumbList","@id":"https:\/\/parlo-italiano.cz\/cs\/kategorie-specialni-kurzy\/italstina-v-muzikalu-b1\/#breadcrumb","itemListElement":[{"@type":"ListItem","position":1,"name":"Home","item":"https:\/\/parlo-italiano.cz\/cs\/"},{"@type":"ListItem","position":2,"name":"Kurzy","item":"https:\/\/parlo-italiano.cz\/cs\/kurzy\/"},{"@type":"ListItem","position":3,"name":"Divadelní dílna B1+"}]},{"@type":"WebSite","@id":"https:\/\/parlo-italiano.cz\/#website","url":"https:\/\/parlo-italiano.cz\/","name":"Parlo Italiano","description":"Corsi di lingua italiana","publisher":{"@id":"https:\/\/parlo-italiano.cz\/#organization"},"potentialAction":[{"@type":"SearchAction","target":{"@type":"EntryPoint","urlTemplate":"https:\/\/parlo-italiano.cz\/?s={search_term_string}"},"query-input":{"@type":"PropertyValueSpecification","valueRequired":true,"valueName":"search_term_string"}}],"inLanguage":"cs"},{"@type":"Organization","@id":"https:\/\/parlo-italiano.cz\/#organization","name":"Istituto Italiano di Cultura Praga","url":"https:\/\/parlo-italiano.cz\/","logo":{"@type":"ImageObject","inLanguage":"cs","@id":"https:\/\/parlo-italiano.cz\/#\/schema\/logo\/image\/","url":"https:\/\/parlo-italiano.cz\/wp-content\/uploads\/2020\/03\/logo_iic.png","contentUrl":"https:\/\/parlo-italiano.cz\/wp-content\/uploads\/2020\/03\/logo_iic.png","width":230,"height":130,"caption":"Istituto Italiano di Cultura Praga"},"image":{"@id":"https:\/\/parlo-italiano.cz\/#\/schema\/logo\/image\/"}}]}</script>
<!-- / Yoast SEO plugin. -->

Divadelní dílna B1+ - Parlo Italiano

Tento kurz je určen všem, kteří se chtějí zapojit do vytváření představení v italštině. Kurz trvá 14 týdnů a celkově 28 hodin. Pracuje se s hlasem, tělem, jevištním pohybem a vnímáním prostoru, ale také &#8211; samozřejmě, s improvizací a divadelním textem. Způsob, jak se učit zábavně.
