{"id":17511,"date":"2020-04-30T06:19:52","date_gmt":"2020-04-30T06:19:52","guid":{"rendered":"https:\/\/parlo-italiano.com\/nezarazene\/polointenzivni-kurz-30-hodin\/"},"modified":"2020-04-30T06:19:52","modified_gmt":"2020-04-30T06:19:52","slug":"polointenzivni-kurz-30-hodin","status":"publish","type":"product","link":"https:\/\/parlo-italiano.cz\/cs\/kategorie-letni-kurzy\/polointenzivni-kurz-30-hodin\/","title":{"rendered":"Polointenzivn\u00ed kurz 30 hodin"},"content":{"rendered":"<p>Polointenzivn\u00ed kurz m\u00e1 28 hodin lekc\u00ed plus z\u00e1v\u011bre\u010dn\u00fd online test, za\u010d\u00edn\u00e1 28. \u010dervna a kon\u010d\u00ed 22. \u010dervence. Kon\u00e1 se od pond\u011bl\u00ed do \u010dtvrtka ve\u010der, 18:00 &#8211; 20:00 hod.<\/p>\n<p>Otev\u00edraj\u00ed se \u00farovn\u011b:<\/p>\n<p>A1a: absolutn\u00ed za\u010d\u00e1te\u010dn\u00edci<\/p>\n<p>Prohlouben\u00ed A1<\/p>\n<p>Prohlouben\u00ed A2<\/p>\n<p>Prohlouben\u00ed B1<\/p>\n<p>Chcete-li se zaregistrovat, kontaktujte n\u00e1s e-mailem: corsi.iicpraga@esteri.it.<\/p>\n","protected":false},"excerpt":{"rendered":"<p>Polointenzivn\u00ed kurz m\u00e1 28 hodin lekc\u00ed plus z\u00e1v\u011bre\u010dn\u00fd online test, za\u010d\u00edn\u00e1 28. \u010dervna a kon\u010d\u00ed 22. \u010dervence. Kon\u00e1 se od pond\u011bl\u00ed do \u010dtvrtka ve\u010der, 18:00 &#8211; 20:00 hod. Otev\u00edraj\u00ed se \u00farovn\u011b: A1a: absolutn\u00ed za\u010d\u00e1te\u010dn\u00edci Prohlouben\u00ed A1 Prohlouben\u00ed A2 Prohlouben\u00ed B1 Chcete-li se zaregistrovat, kontaktujte n\u00e1s e-mailem: corsi.iicpraga@esteri.it.<\/p>\n","protected":false},"featured_media":14705,"template":"","meta":[],"product_brand":[],"product_cat":[211],"product_tag":[],"class_list":{"0":"post-17511","1":"product","2":"type-product","3":"status-publish","4":"has-post-thumbnail","6":"product_cat-kategorie-letni-kurzy","8":"first","9":"outofstock","10":"virtual","11":"purchasable","12":"product-type-simple"},"yoast_head":"<!-- This site is optimized with the Yoast SEO plugin v27.4 - https:\/\/yoast.com\/product\/yoast-seo-wordpress\/ -->\n<title>Polointenzivn\u00ed kurz 30 hodin - Parlo Italiano<\/title>\n<meta name=\"robots\" content=\"index, follow, max-snippet:-1, max-image-preview:large, max-video-preview:-1\" \/>\n<link rel=\"canonical\" href=\"https:\/\/parlo-italiano.cz\/cs\/kategorie-letni-kurzy\/polointenzivni-kurz-30-hodin\/\" \/>\n<meta property=\"og:locale\" content=\"cs_CZ\" \/>\n<meta property=\"og:type\" content=\"article\" \/>\n<meta property=\"og:title\" content=\"Polointenzivn\u00ed kurz 30 hodin - Parlo Italiano\" \/>\n<meta property=\"og:description\" content=\"Polointenzivn\u00ed kurz m\u00e1 28 hodin lekc\u00ed plus z\u00e1v\u011bre\u010dn\u00fd online test, za\u010d\u00edn\u00e1 28. \u010dervna a kon\u010d\u00ed 22. \u010dervence. Kon\u00e1 se od pond\u011bl\u00ed do \u010dtvrtka ve\u010der, 18:00 &#8211; 20:00 hod. Otev\u00edraj\u00ed se \u00farovn\u011b: A1a: absolutn\u00ed za\u010d\u00e1te\u010dn\u00edci Prohlouben\u00ed A1 Prohlouben\u00ed A2 Prohlouben\u00ed B1 Chcete-li se zaregistrovat, kontaktujte n\u00e1s e-mailem: corsi.iicpraga@esteri.it.\" \/>\n<meta property=\"og:url\" content=\"https:\/\/parlo-italiano.cz\/cs\/kategorie-letni-kurzy\/polointenzivni-kurz-30-hodin\/\" \/>\n<meta property=\"og:site_name\" content=\"Parlo Italiano\" \/>\n<meta property=\"og:image\" content=\"https:\/\/parlo-italiano.cz\/wp-content\/uploads\/2019\/10\/event6.jpg\" \/>\n\t<meta property=\"og:image:width\" content=\"770\" \/>\n\t<meta property=\"og:image:height\" content=\"515\" \/>\n\t<meta property=\"og:image:type\" content=\"image\/jpeg\" \/>\n<meta name=\"twitter:card\" content=\"summary_large_image\" \/>\n<script type=\"application\/ld+json\" class=\"yoast-schema-graph\">{\"@context\":\"https:\\\/\\\/schema.org\",\"@graph\":[{\"@type\":\"WebPage\",\"@id\":\"https:\\\/\\\/parlo-italiano.cz\\\/cs\\\/kategorie-letni-kurzy\\\/polointenzivni-kurz-30-hodin\\\/\",\"url\":\"https:\\\/\\\/parlo-italiano.cz\\\/cs\\\/kategorie-letni-kurzy\\\/polointenzivni-kurz-30-hodin\\\/\",\"name\":\"Polointenzivn\u00ed kurz 30 hodin - Parlo Italiano\",\"isPartOf\":{\"@id\":\"https:\\\/\\\/parlo-italiano.cz\\\/#website\"},\"primaryImageOfPage\":{\"@id\":\"https:\\\/\\\/parlo-italiano.cz\\\/cs\\\/kategorie-letni-kurzy\\\/polointenzivni-kurz-30-hodin\\\/#primaryimage\"},\"image\":{\"@id\":\"https:\\\/\\\/parlo-italiano.cz\\\/cs\\\/kategorie-letni-kurzy\\\/polointenzivni-kurz-30-hodin\\\/#primaryimage\"},\"thumbnailUrl\":\"https:\\\/\\\/parlo-italiano.cz\\\/wp-content\\\/uploads\\\/2019\\\/10\\\/event6.jpg\",\"datePublished\":\"2020-04-30T06:19:52+00:00\",\"breadcrumb\":{\"@id\":\"https:\\\/\\\/parlo-italiano.cz\\\/cs\\\/kategorie-letni-kurzy\\\/polointenzivni-kurz-30-hodin\\\/#breadcrumb\"},\"inLanguage\":\"cs\",\"potentialAction\":[{\"@type\":\"ReadAction\",\"target\":[\"https:\\\/\\\/parlo-italiano.cz\\\/cs\\\/kategorie-letni-kurzy\\\/polointenzivni-kurz-30-hodin\\\/\"]}]},{\"@type\":\"ImageObject\",\"inLanguage\":\"cs\",\"@id\":\"https:\\\/\\\/parlo-italiano.cz\\\/cs\\\/kategorie-letni-kurzy\\\/polointenzivni-kurz-30-hodin\\\/#primaryimage\",\"url\":\"https:\\\/\\\/parlo-italiano.cz\\\/wp-content\\\/uploads\\\/2019\\\/10\\\/event6.jpg\",\"contentUrl\":\"https:\\\/\\\/parlo-italiano.cz\\\/wp-content\\\/uploads\\\/2019\\\/10\\\/event6.jpg\",\"width\":770,\"height\":515},{\"@type\":\"BreadcrumbList\",\"@id\":\"https:\\\/\\\/parlo-italiano.cz\\\/cs\\\/kategorie-letni-kurzy\\\/polointenzivni-kurz-30-hodin\\\/#breadcrumb\",\"itemListElement\":[{\"@type\":\"ListItem\",\"position\":1,\"name\":\"Home\",\"item\":\"https:\\\/\\\/parlo-italiano.cz\\\/cs\\\/\"},{\"@type\":\"ListItem\",\"position\":2,\"name\":\"Kurzy\",\"item\":\"https:\\\/\\\/parlo-italiano.cz\\\/cs\\\/kurzy\\\/\"},{\"@type\":\"ListItem\",\"position\":3,\"name\":\"Polointenzivn\u00ed kurz 30 hodin\"}]},{\"@type\":\"WebSite\",\"@id\":\"https:\\\/\\\/parlo-italiano.cz\\\/#website\",\"url\":\"https:\\\/\\\/parlo-italiano.cz\\\/\",\"name\":\"Parlo Italiano\",\"description\":\"Corsi di lingua italiana\",\"publisher\":{\"@id\":\"https:\\\/\\\/parlo-italiano.cz\\\/#organization\"},\"potentialAction\":[{\"@type\":\"SearchAction\",\"target\":{\"@type\":\"EntryPoint\",\"urlTemplate\":\"https:\\\/\\\/parlo-italiano.cz\\\/?s={search_term_string}\"},\"query-input\":{\"@type\":\"PropertyValueSpecification\",\"valueRequired\":true,\"valueName\":\"search_term_string\"}}],\"inLanguage\":\"cs\"},{\"@type\":\"Organization\",\"@id\":\"https:\\\/\\\/parlo-italiano.cz\\\/#organization\",\"name\":\"Istituto Italiano di Cultura Praga\",\"url\":\"https:\\\/\\\/parlo-italiano.cz\\\/\",\"logo\":{\"@type\":\"ImageObject\",\"inLanguage\":\"cs\",\"@id\":\"https:\\\/\\\/parlo-italiano.cz\\\/#\\\/schema\\\/logo\\\/image\\\/\",\"url\":\"https:\\\/\\\/parlo-italiano.cz\\\/wp-content\\\/uploads\\\/2020\\\/03\\\/logo_iic.png\",\"contentUrl\":\"https:\\\/\\\/parlo-italiano.cz\\\/wp-content\\\/uploads\\\/2020\\\/03\\\/logo_iic.png\",\"width\":230,\"height\":130,\"caption\":\"Istituto Italiano di Cultura Praga\"},\"image\":{\"@id\":\"https:\\\/\\\/parlo-italiano.cz\\\/#\\\/schema\\\/logo\\\/image\\\/\"}}]}<\/script>\n<!-- \/ Yoast SEO plugin. -->","yoast_head_json":{"title":"Polointenzivn\u00ed kurz 30 hodin - Parlo Italiano","robots":{"index":"index","follow":"follow","max-snippet":"max-snippet:-1","max-image-preview":"max-image-preview:large","max-video-preview":"max-video-preview:-1"},"canonical":"https:\/\/parlo-italiano.cz\/cs\/kategorie-letni-kurzy\/polointenzivni-kurz-30-hodin\/","og_locale":"cs_CZ","og_type":"article","og_title":"Polointenzivn\u00ed kurz 30 hodin - Parlo Italiano","og_description":"Polointenzivn\u00ed kurz m\u00e1 28 hodin lekc\u00ed plus z\u00e1v\u011bre\u010dn\u00fd online test, za\u010d\u00edn\u00e1 28. \u010dervna a kon\u010d\u00ed 22. \u010dervence. Kon\u00e1 se od pond\u011bl\u00ed do \u010dtvrtka ve\u010der, 18:00 &#8211; 20:00 hod. Otev\u00edraj\u00ed se \u00farovn\u011b: A1a: absolutn\u00ed za\u010d\u00e1te\u010dn\u00edci Prohlouben\u00ed A1 Prohlouben\u00ed A2 Prohlouben\u00ed B1 Chcete-li se zaregistrovat, kontaktujte n\u00e1s e-mailem: corsi.iicpraga@esteri.it.","og_url":"https:\/\/parlo-italiano.cz\/cs\/kategorie-letni-kurzy\/polointenzivni-kurz-30-hodin\/","og_site_name":"Parlo Italiano","og_image":[{"width":770,"height":515,"url":"https:\/\/parlo-italiano.cz\/wp-content\/uploads\/2019\/10\/event6.jpg","type":"image\/jpeg"}],"twitter_card":"summary_large_image","schema":{"@context":"https:\/\/schema.org","@graph":[{"@type":"WebPage","@id":"https:\/\/parlo-italiano.cz\/cs\/kategorie-letni-kurzy\/polointenzivni-kurz-30-hodin\/","url":"https:\/\/parlo-italiano.cz\/cs\/kategorie-letni-kurzy\/polointenzivni-kurz-30-hodin\/","name":"Polointenzivn\u00ed kurz 30 hodin - Parlo Italiano","isPartOf":{"@id":"https:\/\/parlo-italiano.cz\/#website"},"primaryImageOfPage":{"@id":"https:\/\/parlo-italiano.cz\/cs\/kategorie-letni-kurzy\/polointenzivni-kurz-30-hodin\/#primaryimage"},"image":{"@id":"https:\/\/parlo-italiano.cz\/cs\/kategorie-letni-kurzy\/polointenzivni-kurz-30-hodin\/#primaryimage"},"thumbnailUrl":"https:\/\/parlo-italiano.cz\/wp-content\/uploads\/2019\/10\/event6.jpg","datePublished":"2020-04-30T06:19:52+00:00","breadcrumb":{"@id":"https:\/\/parlo-italiano.cz\/cs\/kategorie-letni-kurzy\/polointenzivni-kurz-30-hodin\/#breadcrumb"},"inLanguage":"cs","potentialAction":[{"@type":"ReadAction","target":["https:\/\/parlo-italiano.cz\/cs\/kategorie-letni-kurzy\/polointenzivni-kurz-30-hodin\/"]}]},{"@type":"ImageObject","inLanguage":"cs","@id":"https:\/\/parlo-italiano.cz\/cs\/kategorie-letni-kurzy\/polointenzivni-kurz-30-hodin\/#primaryimage","url":"https:\/\/parlo-italiano.cz\/wp-content\/uploads\/2019\/10\/event6.jpg","contentUrl":"https:\/\/parlo-italiano.cz\/wp-content\/uploads\/2019\/10\/event6.jpg","width":770,"height":515},{"@type":"BreadcrumbList","@id":"https:\/\/parlo-italiano.cz\/cs\/kategorie-letni-kurzy\/polointenzivni-kurz-30-hodin\/#breadcrumb","itemListElement":[{"@type":"ListItem","position":1,"name":"Home","item":"https:\/\/parlo-italiano.cz\/cs\/"},{"@type":"ListItem","position":2,"name":"Kurzy","item":"https:\/\/parlo-italiano.cz\/cs\/kurzy\/"},{"@type":"ListItem","position":3,"name":"Polointenzivn\u00ed kurz 30 hodin"}]},{"@type":"WebSite","@id":"https:\/\/parlo-italiano.cz\/#website","url":"https:\/\/parlo-italiano.cz\/","name":"Parlo Italiano","description":"Corsi di lingua italiana","publisher":{"@id":"https:\/\/parlo-italiano.cz\/#organization"},"potentialAction":[{"@type":"SearchAction","target":{"@type":"EntryPoint","urlTemplate":"https:\/\/parlo-italiano.cz\/?s={search_term_string}"},"query-input":{"@type":"PropertyValueSpecification","valueRequired":true,"valueName":"search_term_string"}}],"inLanguage":"cs"},{"@type":"Organization","@id":"https:\/\/parlo-italiano.cz\/#organization","name":"Istituto Italiano di Cultura Praga","url":"https:\/\/parlo-italiano.cz\/","logo":{"@type":"ImageObject","inLanguage":"cs","@id":"https:\/\/parlo-italiano.cz\/#\/schema\/logo\/image\/","url":"https:\/\/parlo-italiano.cz\/wp-content\/uploads\/2020\/03\/logo_iic.png","contentUrl":"https:\/\/parlo-italiano.cz\/wp-content\/uploads\/2020\/03\/logo_iic.png","width":230,"height":130,"caption":"Istituto Italiano di Cultura Praga"},"image":{"@id":"https:\/\/parlo-italiano.cz\/#\/schema\/logo\/image\/"}}]}},"_links":{"self":[{"href":"https:\/\/parlo-italiano.cz\/cs\/wp-json\/wp\/v2\/product\/17511","targetHints":{"allow":["GET"]}}],"collection":[{"href":"https:\/\/parlo-italiano.cz\/cs\/wp-json\/wp\/v2\/product"}],"about":[{"href":"https:\/\/parlo-italiano.cz\/cs\/wp-json\/wp\/v2\/types\/product"}],"wp:featuredmedia":[{"embeddable":true,"href":"https:\/\/parlo-italiano.cz\/cs\/wp-json\/wp\/v2\/media\/14705"}],"wp:attachment":[{"href":"https:\/\/parlo-italiano.cz\/cs\/wp-json\/wp\/v2\/media?parent=17511"}],"wp:term":[{"taxonomy":"product_brand","embeddable":true,"href":"https:\/\/parlo-italiano.cz\/cs\/wp-json\/wp\/v2\/product_brand?post=17511"},{"taxonomy":"product_cat","embeddable":true,"href":"https:\/\/parlo-italiano.cz\/cs\/wp-json\/wp\/v2\/product_cat?post=17511"},{"taxonomy":"product_tag","embeddable":true,"href":"https:\/\/parlo-italiano.cz\/cs\/wp-json\/wp\/v2\/product_tag?post=17511"}],"curies":[{"name":"wp","href":"https:\/\/api.w.org\/{rel}","templated":true}]}}

Polointenzivní kurz 30 hodin

<p>Polointenzivní kurz má 28 hodin lekcí plus závěrečný online test, začíná 28. června a končí 22. července. Koná se od pondělí do čtvrtka večer, 18:00 &#8211; 20:00 hod.</p>
<p>Otevírají se úrovně:</p>
<p>A1a: absolutní začátečníci</p>
<p>Prohloubení A1</p>
<p>Prohloubení A2</p>
<p>Prohloubení B1</p>
<p>Chcete-li se zaregistrovat, kontaktujte nás e-mailem: corsi.iicpraga@esteri.it.</p>

<p>Polointenzivní kurz má 28 hodin lekcí plus závěrečný online test, začíná 28. června a končí 22. července. Koná se od pondělí do čtvrtka večer, 18:00 &#8211; 20:00 hod. Otevírají se úrovně: A1a: absolutní začátečníci Prohloubení A1 Prohloubení A2 Prohloubení B1 Chcete-li se zaregistrovat, kontaktujte nás e-mailem: corsi.iicpraga@esteri.it.</p>

<!-- This site is optimized with the Yoast SEO plugin v27.4 - https://yoast.com/product/yoast-seo-wordpress/ -->
<title>Polointenzivní kurz 30 hodin - Parlo Italiano</title>
<meta name="robots" content="index, follow, max-snippet:-1, max-image-preview:large, max-video-preview:-1" />
<link rel="canonical" href="https://parlo-italiano.cz/cs/kategorie-letni-kurzy/polointenzivni-kurz-30-hodin/" />
<meta property="og:locale" content="cs_CZ" />
<meta property="og:type" content="article" />
<meta property="og:title" content="Polointenzivní kurz 30 hodin - Parlo Italiano" />
<meta property="og:description" content="Polointenzivní kurz má 28 hodin lekcí plus závěrečný online test, začíná 28. června a končí 22. července. Koná se od pondělí do čtvrtka večer, 18:00 &#8211; 20:00 hod. Otevírají se úrovně: A1a: absolutní začátečníci Prohloubení A1 Prohloubení A2 Prohloubení B1 Chcete-li se zaregistrovat, kontaktujte nás e-mailem: corsi.iicpraga@esteri.it." />
<meta property="og:url" content="https://parlo-italiano.cz/cs/kategorie-letni-kurzy/polointenzivni-kurz-30-hodin/" />
<meta property="og:site_name" content="Parlo Italiano" />
<meta property="og:image" content="https://parlo-italiano.cz/wp-content/uploads/2019/10/event6.jpg" />
	<meta property="og:image:width" content="770" />
	<meta property="og:image:height" content="515" />
	<meta property="og:image:type" content="image/jpeg" />
<meta name="twitter:card" content="summary_large_image" />
<script type="application/ld+json" class="yoast-schema-graph">{"@context":"https:\/\/schema.org","@graph":[{"@type":"WebPage","@id":"https:\/\/parlo-italiano.cz\/cs\/kategorie-letni-kurzy\/polointenzivni-kurz-30-hodin\/","url":"https:\/\/parlo-italiano.cz\/cs\/kategorie-letni-kurzy\/polointenzivni-kurz-30-hodin\/","name":"Polointenzivní kurz 30 hodin - Parlo Italiano","isPartOf":{"@id":"https:\/\/parlo-italiano.cz\/#website"},"primaryImageOfPage":{"@id":"https:\/\/parlo-italiano.cz\/cs\/kategorie-letni-kurzy\/polointenzivni-kurz-30-hodin\/#primaryimage"},"image":{"@id":"https:\/\/parlo-italiano.cz\/cs\/kategorie-letni-kurzy\/polointenzivni-kurz-30-hodin\/#primaryimage"},"thumbnailUrl":"https:\/\/parlo-italiano.cz\/wp-content\/uploads\/2019\/10\/event6.jpg","datePublished":"2020-04-30T06:19:52+00:00","breadcrumb":{"@id":"https:\/\/parlo-italiano.cz\/cs\/kategorie-letni-kurzy\/polointenzivni-kurz-30-hodin\/#breadcrumb"},"inLanguage":"cs","potentialAction":[{"@type":"ReadAction","target":["https:\/\/parlo-italiano.cz\/cs\/kategorie-letni-kurzy\/polointenzivni-kurz-30-hodin\/"]}]},{"@type":"ImageObject","inLanguage":"cs","@id":"https:\/\/parlo-italiano.cz\/cs\/kategorie-letni-kurzy\/polointenzivni-kurz-30-hodin\/#primaryimage","url":"https:\/\/parlo-italiano.cz\/wp-content\/uploads\/2019\/10\/event6.jpg","contentUrl":"https:\/\/parlo-italiano.cz\/wp-content\/uploads\/2019\/10\/event6.jpg","width":770,"height":515},{"@type":"BreadcrumbList","@id":"https:\/\/parlo-italiano.cz\/cs\/kategorie-letni-kurzy\/polointenzivni-kurz-30-hodin\/#breadcrumb","itemListElement":[{"@type":"ListItem","position":1,"name":"Home","item":"https:\/\/parlo-italiano.cz\/cs\/"},{"@type":"ListItem","position":2,"name":"Kurzy","item":"https:\/\/parlo-italiano.cz\/cs\/kurzy\/"},{"@type":"ListItem","position":3,"name":"Polointenzivní kurz 30 hodin"}]},{"@type":"WebSite","@id":"https:\/\/parlo-italiano.cz\/#website","url":"https:\/\/parlo-italiano.cz\/","name":"Parlo Italiano","description":"Corsi di lingua italiana","publisher":{"@id":"https:\/\/parlo-italiano.cz\/#organization"},"potentialAction":[{"@type":"SearchAction","target":{"@type":"EntryPoint","urlTemplate":"https:\/\/parlo-italiano.cz\/?s={search_term_string}"},"query-input":{"@type":"PropertyValueSpecification","valueRequired":true,"valueName":"search_term_string"}}],"inLanguage":"cs"},{"@type":"Organization","@id":"https:\/\/parlo-italiano.cz\/#organization","name":"Istituto Italiano di Cultura Praga","url":"https:\/\/parlo-italiano.cz\/","logo":{"@type":"ImageObject","inLanguage":"cs","@id":"https:\/\/parlo-italiano.cz\/#\/schema\/logo\/image\/","url":"https:\/\/parlo-italiano.cz\/wp-content\/uploads\/2020\/03\/logo_iic.png","contentUrl":"https:\/\/parlo-italiano.cz\/wp-content\/uploads\/2020\/03\/logo_iic.png","width":230,"height":130,"caption":"Istituto Italiano di Cultura Praga"},"image":{"@id":"https:\/\/parlo-italiano.cz\/#\/schema\/logo\/image\/"}}]}</script>
<!-- / Yoast SEO plugin. -->

Polointenzivní kurz 30 hodin - Parlo Italiano

Polointenzivní kurz má 28 hodin lekcí plus závěrečný online test, začíná 28. června a končí 22. července. Koná se od pondělí do čtvrtka večer, 18:00 &#8211; 20:00 hod. Otevírají se úrovně: A1a: absolutní začátečníci Prohloubení A1 Prohloubení A2 Prohloubení B1 Chcete-li se zaregistrovat, kontaktujte nás e-mailem: corsi.iicpraga@esteri.it.
